 - 4. Let r be f(6). What is the highest common factor of 16 and r?
2
Let n = 1 - -13. Let b be 2*-1*(-2 - 19). Calculate the greatest common factor of b and n.
14
Suppose -3*l + i + 168 = 0, -5*l - 3*i - 105 = -7*l. What is the highest common factor of l and 171?
57
Suppose -21*u - 39 = -24*u. What is the greatest common factor of 39 and u?
13
Let w = -4 - 0. Let t be 7*(0 - -2 - w). Calculate the highest common divisor of t and 28.
14
Let s(u) = -u**3 - 5*u**2 + 4*u + 10. Let q be s(-6). What is the greatest common factor of q and 22?
22
Suppose -24*o = -20*o - 100. What is the highest common divisor of o and 225?
25
Let f(u) = -u**3 + 9 - 4*u - 2*u - 3 + 8*u**2 + 0*u**3. Suppose 0*s + 2*s = 8. Let w be f(s). Calculate the highest common divisor of w and 23.
23
Let n = 67 + 83. Calculate the greatest common divisor of n and 15.
15
Suppose -3*d - 2 = -4*d, -h + 83 = 3*d. Let m be 1/(1 + 10/(-8)). Let t be ((-28)/(-6))/(m/(-6)). What is the highest common factor of h and t?
7
Let h(i) = 4*i - 21. Let o(r) = -1. Let c(s) = -h(s) + 6*o(s). Let q be c(-12). Let z be 0 + 6*(-3)/(-2). What is the greatest common factor of z and q?
9
Let j = 50 + -10. Suppose 1 + 5 = 3*t. Suppose 0 = -z + 5*m + 11, t*m + 1 - 3 = 0. What is the greatest common divisor of z and j?
8
Suppose 5*w - 9 - 141 = 0. Let h = 30 + 45. What is the greatest common factor of h and w?
15
Let d = -3 + 5. Let y be (1 - d - 4)*-1. Calculate the highest common factor of y and 35.
5
Let i = -11 - -30. What is the highest common divisor of 76 and i?
19
Let g(o) = 14*o**3 - o**2 - o - 2. Let r be g(2). Calculate the highest common factor of 13 and r.
13
Let r = 155 - 98. Let g(w) = 37*w**2 - 2*w - 1. Let f = -4 + 3. Let d be g(f). Calculate the greatest common divisor of r and d.
19
Let h be (3/(-2))/((-4)/24). Calculate the highest common divisor of 45 and h.
9
Let f = 41 - 17. Calculate the highest common factor of 48 and f.
24
Let k(s) = 3*s**2 + 9*s - 8. Let u be k(-8). Suppose d + 14 = j - 26, -3*d - 44 = -j. Let c = j + -22. What is the greatest common divisor of c and u?
16
Let f = 38 + -27. What is the greatest common factor of f and 55?
11
Let a be 4/(-6) - 34/3. Let c be (-1)/((-9)/a)*-3. Suppose -c*t + 42 = -t. Calculate the highest common divisor of t and 35.
7
Let d = -3 + 6. Suppose d*y - 3*r + 17 = r, -2*y = 2*r + 2. Let c be (y + 1)/(1/(-9)). Calculate the greatest common divisor of 27 and c.
9
Suppose 24 = 3*g + g. Suppose f - g = -f. Let b be 0/2 + 22 + -1. Calculate the greatest common factor of f and b.
3
Suppose 0*i + i = 13. Let k = -74 + 106. Let s = k - -20. What is the highest common factor of s and i?
13
Suppose -2*q - 2 = 0, -4*w + q + 146 = 25. Suppose 2*x - 114 = x + 3*j, -334 = -3*x + 5*j. Let l = x - 63. What is the highest common divisor of l and w?
15
Let m be 4/(-5)*(-75)/10. Calculate the highest common divisor of 18 and m.
6
Suppose 2 = -4*i - 2. Let x(s) = -s. Let v be x(i). Calculate the highest common divisor of v and 3.
1
Let y be 2/11 + (-272)/44. Let g(a) = -3*a - 3. Let j be g(y). What is the highest common factor of j and 15?
15
Let k(w) = 3*w**2 - w + 13. Let p be k(6). Suppose 0 = -3*s - r + p, 0*r = s - r - 45. What is the greatest common divisor of s and 10?
10
Let b(t) = -9. Let a(p) = -p - 10. Let o(y) = -2*a(y) + 3*b(y). Let q be o(9). What is the highest common divisor of 88 and q?
11
Let v(c) = c**2 + 4*c - 5. Let a be v(5). Let s = -16 - -46. Suppose -3*w + 0*w = -s. Calculate the greatest common divisor of w and a.
10
Suppose 0 = -3*b + 108 - 3. Let q be (-33)/(-12) - 1/(-4). Let i(x) = x**2 - 4. Let z be i(q). What is the greatest common factor of b and z?
5
Suppose 6*s = 3*s + 12. Suppose 3*h = 5*h - s. Suppose 33 = v + h*v. Calculate the highest common factor of v and 77.
11
Let x = -11 - -12. What is the greatest common divisor of x and 3?
1
Let u(g) = -25*g - 161. Let f be u(-8). Let h = -10 + 36. What is the greatest common factor of h and f?
13
Suppose -5*g - 146 = -s - 3*s, 0 = 4*s - g - 154. Suppose -2*o + 207 = s. What is the greatest common factor of 12 and o?
12
Suppose -2*x + 5 + 29 = 0. What is the highest common divisor of 153 and x?
17
Let s(c) = c**2 + c + 2. Let m be s(-6). Suppose -g = g - m. Let q = -10 - -18. What is the highest common divisor of g and q?
8
Let v be 3512/20 - 4/(-10). Let c(w) = -w**3 - 10*w**2 - 2*w - 4. Let y be c(-10). What is the greatest common divisor of v and y?
16
Suppose 6*v = 3*v + 1023. What is the greatest common divisor of 31 and v?
31
Let y(q) = 4 - 1 + q**2 + q + 0. Suppose 6 = -3*l - 5*z, -z + 5 = -l - 5. Let w be y(l). Calculate the greatest common factor of 15 and w.
15
Let t = 43 - 39. What is the highest common factor of 44 and t?
4
Let f be -5 + (-3)/6*-6. Let q be (2/(-2))/(-3 - f). Let b be 27/(q - 6/8). Calculate the highest common factor of b and 12.
12
Let a = 18 - 14. Suppose a*h - 380 = 5*i, -266 = -2*h - h - i. What is the greatest common divisor of 18 and h?
18
Suppose -3*f = -78 + 15. Suppose 0 = 5*x - 25, -a + f = 5*x - 8. Suppose 2*t - t = 8. What is the greatest common factor of t and a?
4
Suppose -g - 5*t + 10 = -16, -2*t = 0. Suppose -2 = w, -6*d + 4*d + 70 = 4*w. Calculate the greatest common divisor of g and d.
13
Let o = 409 - 227. Let g(q) = 25*q**2 - 7*q + 8. Let x be g(1). What is the highest common divisor of x and o?
26
Suppose 6*z - 9*z + 36 = 0. What is the greatest common divisor of 108 and z?
12
Let o be (-4)/(-18) - 196/(-9). Let f = 9 - -2. What is the greatest common divisor of f and o?
11
Let l be (-4)/(-18) + 4/(-18). Suppose -2*x + 26 = 2*s, -s - s - 3*x + 26 = l. Suppose 4*n = 519 + 53. What is the greatest common divisor of n and s?
13
Suppose -59 = -5*t + f + 35, -3*t - 2*f = -46. What is the highest common factor of t and 9?
9
Suppose -l + 21 = w + 3*l, l - 30 = -w. Calculate the highest common factor of w and 33.
33
Let x(j) = j**2 - 17*j + 7. Suppose -3*v - 2*v = -85. Let g be x(v). What is the greatest common divisor of 14 and g?
7
Let f(x) = 48*x**2. Let t be f(-1). Calculate the greatest common factor of 12 and t.
12
Suppose -15 = -3*z + 9. What is the greatest common divisor of 8 and z?
8
Suppose -3*b + 54 = 2*a - 7*b, -5*a + 135 = 3*b. Let j = 38 - 15. Let k = a + j. What is the highest common divisor of 10 and k?
10
Let x = 63 - 35. What is the highest common divisor of 42 and x?
14
Suppose 0 = -3*b + 15, 4*o - 613 = 2*b - 3*b. What is the greatest common divisor of 19 and o?
19
Let i(t) = t**3 + 8*t**2 - 9*t + 4. Let p be i(-9). Suppose 4*j = -3*q + 59, p*j - 4*q - 80 = -0*q. Calculate the greatest common divisor of 17 and j.
17
Suppose 4*n = -v - 0*n + 16, -23 = -5*v - n. Suppose 2*p - 3*g = 28, 5*p - 2*p - 5*g = 40. What is the greatest common divisor of p and v?
4
Suppose 3*q - 4*q - 2 = 0. Let u be 10/q - (0 - 1). Let n = 1 - u. Calculate the greatest common divisor of 20 and n.
5
Let n = -138 - -178. Calculate the greatest common divisor of 8 and n.
8
Let w(x) = -10*x - 5. Let k be w(-3). What is the highest common factor of 25 and k?
25
Let z = 135 - 105. Calculate the highest common factor of z and 75.
15
Suppose -5*d = -0*d - 45. Suppose 3*w = 2*f - 29, -1 = 4*w - 5. Let r = f + 47. What is the greatest common divisor of r and d?
9
Suppose -660 = 5*m - 2*m. Let k = -157 - m. What is the greatest common factor of 42 and k?
21
Let f(i) = 2*i**2 + 21*i. Let r be f(-12). Calculate the highest common divisor of r and 9.
9
Let w be ((-14)/(-4))/(1/(-2)). Let q = 8 + w. Let r(z) = 10*z - 1. Let m be r(1). Calculate the greatest common divisor of q and m.
1
Suppose 21 = -4*k - 27. Let w = k + 21. What is the greatest common factor of w and 18?
9
Let g(f) = -19*f + 10. Let t = -12 + 7. Let q be g(t). Calculate the highest common factor of 21 and q.
21
Suppose 2*j - 54 = -2*u, -2*u + 85 = -5*j + 17. Calculate the highest common divisor of u and 145.
29
Let m be 5/3 + (-1)/(-3). What is the greatest common divisor of m and 18?
2
Suppose -2*c - 3*c = -320. Suppose -94 = r + c. Let o = -4 - r. What is the greatest common divisor of o and 14?
14
Let v be (3 + 21/(-6))*-8. Let h(o) = 5 - o - 3*o + o + v. Let b be h(-13). What is the highest common divisor of 12 and b?
12
Suppose -61 + 1 = -s - 3*x, -230 = -4*s - 2*x. Let b = -40 + s